{"id":13712,"date":"2026-02-10T11:28:38","date_gmt":"2026-02-10T16:28:38","guid":{"rendered":"https:\/\/hispanicalliancesc.com\/?post_type=ha-staff&#038;p=13712"},"modified":"2026-02-10T11:29:17","modified_gmt":"2026-02-10T16:29:17","slug":"marcos-perez","status":"publish","type":"ha-staff","link":"https:\/\/hispanicalliancesc.com\/es\/ha-staff\/marcos-perez\/","title":{"rendered":"Marcos P\u00e9rez"},"content":{"rendered":"<p>Marcos P\u00e9rez se gradu\u00f3 recientemente de la Universidad de Clemson, donde obtuvo una licenciatura en Mercadotecnia y desarroll\u00f3 una profunda pasi\u00f3n por impulsar a la comunidad hispana a trav\u00e9s del servicio, el liderazgo y la conexi\u00f3n aut\u00e9ntica. Como estudiante, Marcos fue miembro activo de Latinos Unidos, contribuyendo a fomentar la comunidad y la visibilidad de los estudiantes hispanos en el campus. Tambi\u00e9n fue voluntario en Molina Healthcare, donde adquiri\u00f3 experiencia pr\u00e1ctica apoyando a familias y poblaciones desatendidas en el norte del estado.<\/p>\n\n\n\n<p>Originario de Greenville, Marcos trabaj\u00f3 en el sector manufacturero mientras terminaba sus estudios, una experiencia que forj\u00f3 su s\u00f3lida \u00e9tica laboral y ciment\u00f3 su compromiso con la oportunidad y la equidad. Para Marcos, unirse a la Alianza Hispana es m\u00e1s que un trabajo: es un momento clave en una organizaci\u00f3n que ha marcado su vida desde la infancia. Aporta energ\u00eda, creatividad y una comprensi\u00f3n personal de las barreras que enfrentan muchos en la comunidad, especialmente como inmigrantes y estadounidenses de primera generaci\u00f3n.<\/p>\n\n\n\n<p>Marcos cree en el poder de la acci\u00f3n colectiva y espera desempe\u00f1ar un papel importante en la misi\u00f3n de la organizaci\u00f3n de construir una Carolina del Sur m\u00e1s inclusiva y empoderada. Como Coordinador de Programas, le entusiasma escuchar, aprender y contribuir al trabajo que realmente importa.<\/p>","protected":false},"excerpt":{"rendered":"<p>Marcos Perez is a recent graduate of Clemson University, where he earned a degree in Marketing and developed a deep passion for uplifting the Hispanic community through service, leadership, and authentic connection. As a student, Marcos was an active member of Latinos Unidos, helping to foster community and visibility for Hispanic students on campus. He [&hellip;]<\/p>\n","protected":false},"featured_media":13714,"template":"","meta":{"_acf_changed":true},"ha_staff_categories":[],"class_list":["post-13712","ha-staff","type-ha-staff","status-publish","has-post-thumbnail","hentry"],"acf":[],"_links":{"self":[{"href":"https:\/\/hispanicalliancesc.com\/es\/wp-json\/wp\/v2\/ha-staff\/13712","targetHints":{"allow":["GET"]}}],"collection":[{"href":"https:\/\/hispanicalliancesc.com\/es\/wp-json\/wp\/v2\/ha-staff"}],"about":[{"href":"https:\/\/hispanicalliancesc.com\/es\/wp-json\/wp\/v2\/types\/ha-staff"}],"wp:featuredmedia":[{"embeddable":true,"href":"https:\/\/hispanicalliancesc.com\/es\/wp-json\/wp\/v2\/media\/13714"}],"wp:attachment":[{"href":"https:\/\/hispanicalliancesc.com\/es\/wp-json\/wp\/v2\/media?parent=13712"}],"wp:term":[{"taxonomy":"ha_staff_categories","embeddable":true,"href":"https:\/\/hispanicalliancesc.com\/es\/wp-json\/wp\/v2\/ha_staff_categories?post=13712"}],"curies":[{"name":"wp","href":"https:\/\/api.w.org\/{rel}","templated":true}]}}

Marcos Pérez

<p>Marcos Pérez se graduó recientemente de la Universidad de Clemson, donde obtuvo una licenciatura en Mercadotecnia y desarrolló una profunda pasión por impulsar a la comunidad hispana a través del servicio, el liderazgo y la conexión auténtica. Como estudiante, Marcos fue miembro activo de Latinos Unidos, contribuyendo a fomentar la comunidad y la visibilidad de los estudiantes hispanos en el campus. También fue voluntario en Molina Healthcare, donde adquirió experiencia práctica apoyando a familias y poblaciones desatendidas en el norte del estado.</p>



<p>Originario de Greenville, Marcos trabajó en el sector manufacturero mientras terminaba sus estudios, una experiencia que forjó su sólida ética laboral y cimentó su compromiso con la oportunidad y la equidad. Para Marcos, unirse a la Alianza Hispana es más que un trabajo: es un momento clave en una organización que ha marcado su vida desde la infancia. Aporta energía, creatividad y una comprensión personal de las barreras que enfrentan muchos en la comunidad, especialmente como inmigrantes y estadounidenses de primera generación.</p>



<p>Marcos cree en el poder de la acción colectiva y espera desempeñar un papel importante en la misión de la organización de construir una Carolina del Sur más inclusiva y empoderada. Como Coordinador de Programas, le entusiasma escuchar, aprender y contribuir al trabajo que realmente importa.</p>
